site?
True
Suppose 4*d + u + 9 = -44, d - 4*u = 8. Let z(f) = -49*f - 7. Let o be z(d). Let y = -223 + o. Is y composite?
True
Let n be -1 + (5 + -1 - 9). Let w = 9 + n. Suppose w*h + 8*h = 40029. Is h a composite number?
True
Let y(j) = -11*j**3 + 2*j**2 - 4*j + 4. Let g(n) = -4*n**2 + 1. Let r = 15 - 14. Let v be g(r). Is y(v) a composite number?
False
Suppose 123*j = 128*j - 39175. Let g = 11064 - j. Is g composite?
False
Let l(o) = o**3 - 8*o**2 - 20*o + 10. Let b be l(10). Suppose 0 = -0*j - 2*j + b, 3*v - 229 = j. Let z = 460 - v. Is z composite?
True
Let h(x) = 5*x**3 + 65*x**2 + 113*x + 56. Is h(27) a prime number?
False
Suppose 375816 - 3806488 = -56*s. Is s prime?
False
Suppose 2*s - 5*s = 3, -2*s - 26 = -3*y. Suppose 10*v - y*v - 1802 = 0. Is v a prime number?
False
Let j be (-8)/28 + (-37)/(-7). Suppose -j*w = -3*n + 6214, n + n - 2*w - 4144 = 0. Suppose -539 + n = 2*i. Is i composite?
True
Let b(g) = -g + 3. Let k(l) = -3*l + 7. Let s(i) = -9*b(i) + 4*k(i). Let m be s(2). Is (1107/(-45))/(1/m) a prime number?
False
Let q = 9469 + -4601. Suppose 12*s = 17896 + q. Is s a prime number?
False
Suppose 4*o - 47627 = 5*b, -39*o + 40*o - 11906 = b. Is o prime?
True
Let y(n) = -3*n**3 + 3*n**2 + 5*n - 7. Let c = 46 - 39. Let r be (13/c + -1)/(4/(-28)). Is y(r) composite?
False
Let n = -47 + 50. Let c(m) = 1151*m**2 - 8*m + 22. Is c(n) prime?
True
Let w(m) = -4*m + 76. Let x be w(18). Suppose -3*j - 8497 = -2*t, -5*j = 5*t - x*j - 21268. Is t a composite number?
False
Let n be ((-17)/(-5) + -3)/(8/60). Suppose -4*m + 6001 = 5*b, 4822 = 3*m - n*b + 328. Is m a prime number?
True
Suppose -5*m = -83 - 157. Suppose 0 = -2*w - w + m. Is 184/w*(11 + -1) prime?
False
Suppose 2*d - 1938152 = -t, 41*t - 39*t = -12. Is d a prime number?
False
Let i be ((-4)/(-7))/((-5)/(-35)). Suppose -324 = i*q - 1516. Let z = q + 19. Is z prime?
True
Is 3/2*2156210/105 prime?
True
Suppose -3975717 + 588838 = -28*s + 775685. Is s a prime number?
True
Let i = 36212 + -1825. Is i prime?
False
Let t(f) = -f**2 + 8*f - 8. Let s be t(6). Suppose p - 12 = -3*p + 4*l, 0 = -s*p + 3*l + 11. Suppose -188 = -p*d + 4086. Is d composite?
False
Suppose -2*l + 5*n = -20, 4 = -3*l + 4*l - n. Suppose -2*a + 3*a = l. Suppose -y = -5*z - 622 + 4865, a = -3*z - 4*y + 2555. Is z a prime number?
False
Let m(o) = -78*o - 25. Suppose 0 = -3*q + q + 40. Suppose 4*c = 2*i - i + 2, -5*c = -3*i - q. Is m(i) a prime number?
False
Let u(k) = -574*k**2 + 3*k + 1. Let q(w) = w**2 - w + 1. Let r(p) = 3*q(p) - u(p). Is r(3) prime?
False
Suppose -234 = 5*j - 3*p + 67, -5*j = p + 313. Is (24707/j)/((-1)/2) a composite number?
False
Let j be 51/(-2)*(-48)/72. Let q = -15 + j. Suppose -p + 2827 = -q*w, -w = 3*w + 16. Is p composite?
False
Let l be 6/10 + (-6)/(-15). Suppose y = -3*w + 20, 2*y - l = 3. Suppose -w*u = -804 - 30. Is u composite?
False
Let d = -4796 - -12096. Is d + 7/((-49)/35) a prime number?
False
Suppose 3*r = -z + 1208, -1 = -4*z + 7. Suppose 1223 - r = f. Is f a composite number?
False
Is (33/(-11) - 82846)/(-1) a composite number?
True
Suppose 145*r = 152*r - 112. Suppose r*u - 17286 - 7146 = 0. Is u prime?
False
Suppose -76708 = 21*b - 25*b. Suppose -11*j = 2556 - b. Is j a composite number?
False
Let l = 1552 - 923. Suppose -25*r + 29*r - 5*u = 498, 5*r - 3*u - l = 0. Is r a composite number?
False
Let w = 113 + -108. Let m(x) = 672*x - 101. Is m(w) composite?
False
Suppose 2*a + 11*p = 14*p + 324892, -3*a + 487329 = -3*p. Is a a prime number?
False
Suppose -2*p + 2*x = 3*p + 23, 0 = 4*p + 5*x + 25. Let n(y) = 118*y**2 + 3*y + 4. Is n(p) composite?
False
Let n(r) = 9245*r - 696. Is n(17) composite?
True
Let p(z) = -z**3 - 2*z**2 + 6*z + 4. Let g be p(2). Suppose g = 11*u - 43949 + 6472. Is u prime?
True
Suppose 4*l + 2*f = 40426, -l - 2*f = -3129 - 6970. Is l a prime number?
False
Let y(l) = 9816*l**2 + 11*l. Let a be y(-6). Suppose a = 120*r - 105*r. Is r a composite number?
True
Suppose 29*p - 93716 = 27*p + 2*c, 4*p + 4*c - 187456 = 0. Is p a composite number?
False
Let f be 3/15 + 193768/10. Suppose 3*p + 3*x + f = 0, 2*x - 5*x = -p - 6439. Is (16/72 - p/36)*2 a composite number?
False
Suppose -4*l + 4*x = -56, 5*x + 44 = 4*l + 4*x. Let m(i) = 4*i**3 - 5*i**2 + 19*i - 3. Is m(l) prime?
False
Suppose 7*d + 8 = 8*d. Suppose 0 = d*u - 0. Suppose 5*c + 2*k - 1649 = u, 4*k - 1309 = -4*c - k. Is c prime?
True
Let s = -251411 - -467622. Is s a prime number?
True
Let r be 271 - (-42)/(18/(-6)). Let u = 0 + 0. Suppose 2*s - s - r = u. Is s a prime number?
True
Let d be ((-8)/14)/((-6)/21). Let y(h) = 110*h + 5 - 8 + 15*h + 42*h. Is y(d) a composite number?
False
Suppose 64738 = -3*d + 5*s + 556066, -d + 163756 = 5*s. Is d a composite number?
False
Let t be -1 + (-51)/9 - 4/(-6). Let q be (-2)/7 - t/21. Suppose -2*d - 5*r + 86 = q, 4*d + 3*r - 127 - 45 = 0. Is d a composite number?
False
Suppose -5*n - 15 = -5*l + 5, 7 = 2*l - n. Suppose -2*h + 13323 = 3*z, 4*h - 13323 = -l*z + 9*h. Is z a prime number?
True
Suppose -43*k + 42*k - 453 = 0. Let a = -146 + 72. Let b = a - k. Is b a prime number?
True
Let h = -224 + 229. Let a(y) = 2825*y + 6. Let o be a(3). Suppose 3*q = h*w - 10598, q = 4*w - 4*q - o. Is w a composite number?
True
Let c(i) = 9*i - 8 + 4*i**2 - 5*i + 5*i**3 - 6*i**2. Is c(3) prime?
False
Suppose -v + 770 = 4*v. Let a(t) = 88*t**2 - 20*t - 7. Let o be a(-2). Suppose 3*c + o = 5*r + 5*c, 2*r - v = -3*c. Is r prime?
False
Let f be 462/63 - 1/3. Let g(n) = 5*n**2 - 8*n - 15. Let w be g(f). Suppose 37 + w = r. Is r a prime number?
True
Suppose -3*w - 5*p + 2892 = 0, -4*w - 2*p - 3*p = -3851. Let s = w - 480. Is s composite?
False
Suppose 4*n + 2*w - 15046 = 3*n, 0 = 5*n - 4*w - 75300. Let k = n + -10071. Is k composite?
True
Let k(j) = 60*j - 287. Let p be k(-32). Let x = p + 5400. Is x a prime number?
False
Suppose -10*a + 7*a + 11958 = 3*n, -a = 5*n - 19930. Let c = -843 + n. Is c composite?
True
Let a be (-2 + -2)/8 - (-2345)/10. Let b be -2 + a + (-2 - (-1 - -2)). Let d = b + -66. Is d prime?
True
Let o = 33690 - -3283. Suppose -22191 = -3*l + 3*s, 0*s - s = -5*l + o. Is l a composite number?
True
Let n = 579059 + 397782. Is n prime?
False
Let b(k) = -2*k**2 - 116*k - 431. Let d be b(-54). Let i = -240 - -651. Is i + -1 + -2 + d a composite number?
False
Is 11/((-209)/(-1389489)) + -10 a prime number?
True
Let d(l) = 296*l - 127. Let q be d(6). Let y = q - 502. Is y a prime number?
False
Suppose -923138 = -2*n + 4*d, 3*d = 7 - 19. Is n a prime number?
True
Suppose w - 2*w = 5*q - 979, -3*w - 2*q + 2937 = 0. Let x = -690 + w. Is x composite?
True
Let g be (-193419)/(-12) - 22/88. Let u = g - -1491. Is u composite?
False
Let s be 108436/36 - 10/90. Let r = -1753 + s. Is r prime?
True
Suppose 2*b - 4*s = -256, 3*s = -7*b + 3*b - 479. Is b*(515/(-10) + -5) a prime number?
False
Suppose -42*v = 129*v - 26*v - 12469855. Is v composite?
False
Let h be 626/4 + 1/2. Let g = h + -101. Let s = 325 - g. Is s composite?
False
Let a(z) = 37*z**3 - 3*z**2 - 2*z - 11. Let k be a(6). Suppose -3*f + k = 4*c, -2*c + 2797 + 1138 = 3*f. Is c a prime number?
False
Suppose 4*l - 500524 = -4*g, 40282 + 84849 = g + 3*l. Is g composite?
False
Let q(z) = -68*z**2 - 25 + 37*z - 49 + 9*z + 69*z**2. Is q(30) a prime number?
False
Suppose w = 4*h + 205537 + 81108, 0 = h - 7. Is w prime?
True
Let r(d) = 161*d + 327. Let x be r(-27). Let u = x + 11083. Is u a prime number?
False
Let c(g) = -g**3 - 36*g**2 - 99*g + 9. Let a be c(-35). Let x = a + -856. Is x a prime number?
False
Let z(a) = -a**3 - 10*a**2 - 9*a + 2. Suppose 57 - 21 = -4*r. Let t be z(r). Suppose 4*y + t*b - 1529 = 1873, 5*y - 4275 = 2*b. Is y a composite number?
False
Suppose -3*a + 19 = u - 0*u, a = -u + 9. Suppose 0*b = 2*p + a*b - 28, 0 = 2*p - 2*b. Is (-53963)/(-28) - 1/p a composite number?
True
Suppose -70*i - 713051 + 4555158 = -6685963. Is i a prime number?
True
Let s be (-3 - 9/(-12))*(-4)/3. Let f be s*((-7)/(-2))/(8/16). Let b(o) = o**3 - 19*o**2 - 18*o + 17. Is b(f) a prime number?
True
Suppose 2*r - n + 29 = r, 3*r + 91 = n. Let z = -29 - r. Suppose j + 3*j + u - 1566 = 0, z*j = -4*u + 790. Is j a composite number?
True
Let p(g) = 4800*g**2 - 88*g + 95. Is p(-9) prime?
True
Suppose 4*r + 2*j = j - 47488, -r + 3*j - 11859 =